
0
What is the hundreds digit of 697?
6
What is the thousands digit of 64880?
4
What is the thousands digit of 84505?
4
What is the hundreds digit of 28190?
1
What is the thousands digit of 1381?
1
What is the hundreds digit of 1429?
4
What is the hundreds digit of 1383?
3
What is the units digit of 22555?
5
What is the tens digit of 3081?
8
What is the hundreds digit of 6173?
1
What is the ten thousands digit of 54623?
5
What is the tens digit of 14316?
1
What is the thousands digit of 1983?
1
What is the units digit of 6831?
1
What is the units digit of 5050?
0
What is the thousands digit of 1535?
1
What is the tens digit of 15647?
4
What is the hundreds digit of 108340?
3
What is the tens digit of 190?
9
What is the units digit of 23324?
4
What is the thousands digit of 37620?
7
What is the tens digit of 87?
8
What is the units digit of 12813?
3
What is the tens digit of 1048?
4
What is the ten thousands digit of 15951?
1
What is the hundreds digit of 8718?
7
What is the units digit of 40549?
9
What is the tens digit of 5350?
5
What is the hundreds digit of 104?
1
What is the tens digit of 5705?
0
What is the thousands digit of 2183?
2
What is the hundreds digit of 3942?
9
What is the units digit of 5643?
3
What is the hundreds digit of 25187?
1
What is the units digit of 490?
0
What is the hundreds digit of 15648?
6
What is the thousands digit of 13362?
3
What is the units digit of 7749?
9
What is the tens digit of 9815?
1
What is the units digit of 2843?
3
What is the tens digit of 1506?
0
What is the hundreds digit of 35926?
9
What is the units digit of 20615?
5
What is the tens digit of 2329?
2
What is the units digit of 31?
1
What is the units digit of 73370?
0
What is the tens digit of 925?
2
What is the ten thousands digit of 56537?
5
What is the hundreds digit of 8293?
2
What is the units digit of 6071?
1
What is the units digit of 6230?
0
What is the thousands digit of 11593?
1
What is the hundreds digit of 1980?
9
What is the thousands digit of 15294?
5
What is the hundreds digit of 12305?
3
What is the units digit of 623?
3
What is the units digit of 2890?
0
What is the hundreds digit of 709?
7
What is the units digit of 1695?
5
What is the tens digit of 662?
6
What is the thousands digit of 98612?
8
What is the units digit of 1010?
0
What is the units digit of 1521?
1
What is the tens digit of 2055?
5
What is the units digit of 2112?
2
What is the units digit of 15?
5
What is the units digit of 565?
5
What is the thousands digit of 12622?
2
What is the ten thousands digit of 22514?
2
What is the hundreds digit of 22272?
2
What is the units digit of 26188?
8
What is the tens digit of 198?
9
What is the units digit of 13470?
0
What is the units digit of 1771?
1
What is the units digit of 96?
6
What is the hundreds digit of 3890?
8
What is the tens digit of 10598?
9
What is the hundreds digit of 29042?
0
What is the thousands digit of 2649?
2
What is the tens digit of 843?
4
What is the units digit of 17761?
1
What is the tens digit of 23503?
0
What is the units digit of 6697?
7
What is the hundreds digit of 15045?
0
What is the hundreds digit of 2222?
2
What is the ten thousands digit of 16872?
1
What is the hundreds digit of 6118?
1
What is the tens digit of 686?
8
What is the units digit of 35368?
8
What is the hundreds digit of 949?
9
What is the units digit of 342?
2
What is the units digit of 5256?
6
What is the tens digit of 35335?
3
What is the units digit of 16361?
1
What is the units digit of 21945?
5
What is the units digit of 6822?
2
What is the hundreds digit of 2646?
6
What is the ten thousands digit of 14950?
1
What is the units digit of 2118?
8
What is the units digit of 22632?
2
What is the tens digit of 498?
9
What is the units digit of 14714?
4
What is the thousands digit of 1764?
1
What is the units digit of 44?
4
What is the hundreds digit of 7003?
0
What is the thousands digit of 63782?
3
What is the tens digit of 280?
8
What is the units digit of 2886?
6
What is the hundreds digit of 26189?
1
What is the hundreds digit of 1407?
4
What is the units digit of 4201?
1
What is the tens digit of 1589?
8
What is the ten thousands digit of 10317?
1
What is the tens digit of 1236?
3
What is the units digit of 71?
1
What is the thousands digit of 4057?
4
What is the units digit of 36512?
2
What is the ten thousands digit of 36818?
3
What is the tens digit of 473?
7
What is the tens digit of 15415?
1
What is the tens digit of 13901?
0
What is the tens digit of 2201?
0
What is the units digit of 351?
1
What is the hundreds digit of 2914?
9
What is the units digit of 512?
2
What is the units digit of 6485?
5
What is the tens digit of 53272?
7
What is the units digit of 250?
0
What is the units digit of 1263?
3
What is the units digit of 201?
1
What is the tens digit of 626?
2
What is the hundreds digit of 8262?
2
What is the thousands digit of 1913?
1
What is the hundreds digit of 999?
9
What is the tens digit of 3031?
3
What is the hundreds digit of 1848?
8
What is the thousands digit of 2782?
2
What is the units digit of 76652?
2
What is the thousands digit of 5273?
5
What is the hundreds digit of 11923?
9
What is the ten thousands digit of 12517?
1
What is the units digit of 1039?
9
What is the hundreds digit of 928?
9
What is the thousands digit of 1070?
1
What is the hundreds digit of 11386?
3
What is the units digit of 29747?
7
What is the units digit of 6977?
7
What is the units digit of 28597?
7
What is the ten thousands digit of 23137?
2
What is the hundreds digit of 86869?
8
What is the tens digit of 28?
2
What is the units digit of 242?
2
What is the thousands digit of 2040?
2
What is the thousands digit of 14699?
4
What is the thousands digit of 69746?
9
What is the units digit of 4093?
3
What is the tens digit of 274?
7
What is the hundreds digit of 275?
2
What is the hundreds digit of 1960?
9
What is the units digit of 573?
3
What is the thousands digit of 6034?
6
What is the hundreds digit of 1111?
1
What is the thousands digit of 1113?
1
What is the ten thousands digit of 22222?
2
What is the units digit of 1335?
5
What is the hundreds digit of 2842?
8
What is the units digit of 981?
1
What is the hundreds digit of 12726?
7
What is the units digit of 926?
6
What is the units digit of 56?
6
What is the hundreds digit of 1851?
8
What is the units digit of 1064?
4
What is the units digit of 612?
2
What is the thousands digit of 1358?
1
What is the tens digit of 2647?
4
What is the ten thousands digit of 32208?
3
What is the units digit of 80?
0
What is the units digit of 17153?
3
What is the thousands digit of 20960?
0
What is the tens digit of 1154?
5
What is the ten thousands digit of 170076?
7
What is the thousands digit of 13911?
3
What is the units digit of 5755?
5
What is the hundreds digit of 587?
5
What is the thousands digit of 1701?
1
What is the hundreds digit of 3890?
8
What is the hundreds digit of 38195?
1
What is the units digit of 9820?
0
What is the tens digit of 250?
5
What is the tens digit of 6594?
9
What is the thousands digit of 6663?
6
What is the hundreds digit of 19438?
4
What is the units digit of 9894?
4
What is the hundreds digit of 3201?
2
What is the units digit of 58763?
3
What is the hundreds digit of 12934?
9
What is the tens digit of 2024?
2
What is the ten thousands digit of 12052?
1
What is the ten thousands digit of 62584?
6
What is the hundreds digit of 3500?
5
What is the units digit of 1735?
5
What is the tens digit of 2565?
6
What is the thousands digit of 11791?
1
What is the units digit of 1069?
9
What is the thousands digit of 1395?
1
What is the hundreds digit of 28817?
8
What is the units digit of 5723?
3
What is the ten thousands digit of 23701?
2
What is the units digit of 3622?
2
What is the ten thousands digit of 60285?
6
What is the thousands digit of 2946?
2
What is the units digit of 34950?
0
What is the tens digit of 1007?
0
What is the hundreds digit of 3019?
0
What is the tens digit of 14004?
0
What is the tens digit of 96?
9
What is the ten thousands digit of 88358?
8
What is the thousands digit of 2165?
2
What is the units digit of 23089?
9
What is the units digit of 64458?
8
What is the tens digit of 1914?
1
What is the ten thousands digit of 106